hat is -2111002222 + -101?
-2111010100
In base 3, what is -101 - -1000201020000?
1000201012122
In base 9, what is 3 - -1842?
1845
In base 12, what is -333 - -225?
-10a
In base 5, what is 1003 - 1130?
-122
In base 5, what is 2334110 - -2?
2334112
In base 5, what is 2 - -14322042?
14322044
In base 9, what is 77 - -14765?
14853
In base 8, what is -13361 + 77?
-13262
In base 13, what is 2 + 68a25?
68a27
In base 12, what is 861 - -58?
8b9
In base 15, what is -121 + 28b?
16a
In base 15, what is 39e - 721?
-372
In base 4, what is -31 + -130032?
-130123
In base 4, what is -13221 - 22001?
-101222
In base 4, what is 3323221 + 3021?
3332302
In base 7, what is 1014543 + -3?
1014540
In base 3, what is 2 + 121122202202?
121122202211
In base 7, what is 445124 - -5?
445132
In base 11, what is 4671 + 585?
5146
In base 16, what is -1 + -f6a5?
-f6a6
In base 4, what is -20 + 122021?
122001
In base 8, what is 1277 + 275?
1574
In base 15, what is 18a4e + 10?
18a5e
In base 15, what is -4 + 6650c?
66508
In base 7, what is 23 - 11202?
-11146
In base 5, what is 2123 - -10411?
13034
In base 4, what is -102 + 3321030?
3320322
In base 13, what is -8 - -1307?
12cc
In base 4, what is 2311 - 30?
2221
In base 4, what is 132332 - 10120?
122212
In base 4, what is -1001002 - -22?
-1000320
In base 7, what is -144560 + 1?
-144556
In base 3, what is 1112012101 - 1001?
1112011100
In base 14, what is -1 + -1a34d?
-1a350
In base 10, what is 21 - -816?
837
In base 5, what is 4 + 12033134?
12033143
In base 10, what is 808302 - -1?
808303
In base 6, what is -133104 - 4?
-133112
In base 10, what is 645 - 1900?
-1255
In base 6, what is -344121 - -5?
-344112
In base 7, what is 2043 + 105?
2151
In base 3, what is 101200 + -10021?
21102
In base 15, what is 11ba + -92?
1128
In base 16, what is 10cf + f?
10de
In base 14, what is 0 - 1d04?
-1d04
In base 6, what is 1243541 - 1?
1243540
In base 13, what is -9b4 + -12a?
-b11
In base 6, what is 101 + -30334?
-30233
In base 2, what is 101 + 1011111000001?
1011111000110
In base 15, what is -1579 + 37?
-1542
In base 10, what is 114 - 708?
-594
In base 10, what is -1 + -256454?
-256455
In base 9, what is 36568 + -2?
36566
In base 13, what is -2a4 - -50?
-254
In base 14, what is 0 + -2b9a8?
-2b9a8
In base 11, what is -4 - 28671?
-28675
In base 12, what is -1 - 174a5a?
-174a5b
In base 9, what is 2 - 428016?
-428014
In base 2, what is -1 - -100010011001010001?
100010011001010000
In base 12, what is 392b0 - 4?
392a8
In base 9, what is 3144 - 48?
3085
In base 15, what is 7 + 14b9a?
14ba2
In base 16, what is -1f - eea?
-f09
In base 12, what is -85683 - 1?
-85684
In base 13, what is 0 + 50b17?
50b17
In base 13, what is 20 - -1b?
3b
In base 7, what is -5 - -206601?
206563
In base 2, what is -1000111110 - -1101011?
-111010011
In base 10, what is 13 + -316061?
-316048
In base 3, what is -1101002111 + 10?
-1101002101
In base 16, what is -2e + -662d?
-665b
In base 10, what is -4 + -560928?
-560932
In base 7, what is -2151 - -412?
-1436
In base 7, what is 13515 + 30?
13545
In base 16, what is -276c + 99?
-26d3
In base 3, what is -12101121 + 100?
-12101021
In base 9, what is 11 - 16110?
-16088
In base 10, what is 8 + 1076?
1084
In base 13, what is -1386c + 3?
-13869
In base 2, what is 101011 + 10000000100111?
10000001010010
In base 11, what is -8333 - 4?
-8337
In base 16, what is -575 - 159?
-6ce
In base 6, what is 5 - -3242004?
3242013
In base 8, what is -203 + -1530?
-1733
In base 10, what is -1 - 3259?
-3260
In base 11, what is -19423 - 8?
-19430
In base 6, what is -11333 - 332?
-12105
In base 4, what is -11322 - -1100?
-10222
In base 15, what is 23a8c - 7?
23a85
In base 10, what is 22 + 5163?
5185
In base 9, what is -15838 - 3?
-15842
In base 6, what is 2244 + -11423?
-5135
In base 15, what is 19 + -5973?
-5959
In base 11, what is 4 + -57606?
-57602
In base 14, what is -27916 + -3?
-27919
In base 12, what is 1681 + -1b8?
1485
In base 5, what is 4 - -120031201?
120031210
In base 5, what is 133333 + 24?
133412
In base 6, what is -155 - -122?
-33
In base 15, what is -2aa99 + -1?
-2aa9a
In base 13, what is b - -12b0?
12bb
In base 5, what is -3323 - -230?
-3043
In base 15, what is -53886 - 8?
-5388e
In base 13, what is 0 - 10a9?
-10a9
In base 15, what is 9 + 88ae?
88b8
In base 3, what is -21211201 + 12120?
-21122011
In base 2, what is -10110010000011 - -11000?
-10110001101011
In base 3, what is -210012012 - 101?
-210012120
In base 5, what is 11430 + 23421?
40401
In base 8, what is -151503 - 2?
-151505
In base 7, what is -26 + 1441?
1412
In base 4, what is 2122331230 - -2?
2122331232
In base 8, what is -3 + 2106?
2103
In base 13, what is 1996a9 - -a?
1996b6
In base 10, what is 5 + -147637?
-147632
In base 16, what is 4 - -1cf5c?
1cf60
In base 2, what is -1110010011110 + -1001?
-1110010100111
In base 10, what is 328 + -3968?
-3640
In base 8, what is 5 - 770606?
-770601
In base 13, what is 5 + -1c0c48?
-1c0c43
In base 11, what is -16366 + 0?
-16366
In base 16, what is -4e8af1 - -3?
-4e8aee
In base 3, what is 120121210220 - 0?
120121210220
In base 4, what is -330 + 2132220?
2131230
In base 3, what is -121110022120 + 1?
-121110022112
In base 8, what is -3 - -454143?
454140
In base 9, what is -128542 - 5?
-128547
In base 4, what is 2 + 33302233?
33302301
In base 4, what is -110 - 223302111?
-223302221
In base 3, what is 20022112 + 21?
20022210
In base 2, what is 1100 - -1111101111?
1111111011
In base 11, what is -5 - -586a?
5865
In base 8, what is 5 + -63015?
-63010
In base 6, what is -3 + -11430420?
-11430423
In base 4, what is -3 - -10300?
10231
In base 15, what is -45a88a - 0?
-45a88a
In base 13, what is 0 + 65016?
65016
In base 5, what is -1302133 - -1140?
-1300443
In base 5, what is 32430430 - 1?
32430424
In base 2, what is 101 - 1000000010000111?
-1000000010000010
In base 8, what is -13705 - 542?
-14447
In base 15, what is -1 - 1adb?
-1adc
In base 12, what is 64000 + 3?
64003
In base 9, what is 4433 - 11?
4422
In base 9, what is -60 + 7638?
7568
In base 13, what is 126 + -53?
a3
In base 5, what is 2442034 + 34?
2442123
In base 2, what is -101 + -1110110000100?
-1110110001001
In base 5, what is 1343343 + 131?
1344024
In base 4, what is 21312302 - 10?
21312232
In base 11, what is 14 + 47269?
47282
In base 6, what is 0 - -40552?
40552
In base 7, what is 12656 - 32?
12624
In base 11, what is -1 + 2548?
2547
In base 16, what is 1619 + -8?
1611
In base 14, what is -118 + 165?
4b
In base 16, what is 2b + b9c?
bc7
In base 16, what is 4ff - 352?
1ad
In base 8, what is 2026 - 5?
2021
In base 15, what is -941 + -103?
-a44
In base 11, what is 7134 - -92?
7216
In base 4, what is -20123330 + 3?
-20123321
In base 10, what is -45 + 50?
5
In base 3, what is -10202 + -11012000?
-11022202
In base 8, what is 51011 + 511?
51522
In base 11, what is 4 - 2337?
-2333
In base 6, what is -45001 + 11?
-44550
In base 11, what is -1995 + -13?
-19a8
In base 13, what is 92c6a - 0?
92c6a
In base 6, what is 3 + 431415?
431422
In base 15, what is 31c2 + 2?
31c4
In base 9, what is 2 - -80627?
80630
In base 11, what is 11 + -1802?
-17a1
In base 9, what is 16 + 7703?
7720
In base 4, what is 100102 - 21033?
13003
In base 10, what is -10 + 275?
265
In base 9, what is 362238 - -7?
362246
In base 10, what is 93380 - -4?
93384
In base 9, what is -122125 + 4?
-122121
In base 11, what is -3 + 55a5?
55a2
In base 15, what is 0 + -2d4c8?
-2d4c8
In base 7, what is -210 - -3522?
3312
In base 10, what is -68 + -1424?
-1492
In base 2, what is 100 + 110101100101010?
110101100101110
In base 7, what is -421 - 1111?
-1532
In base 16, what is -4a6cf + 0?
-4a6cf
In base 7, what is -355502 - 3?
-355505
In base 7, what is -100 - -103255?
103155
In base 15, what is -1 - -1539e6?
1539e5
In base 15, what is 0 - e7e6?
-e7e6
In base 10, what is -151 - 972?
-1123
In base 15, what is -3 + 40c12?
40c0e
In base 16, what is -38c - 200?
-58c
In base 8, what is 1637 + 7?
1646
In base 12, what is -1b46 + 5?
-1b41
In base 8, what is -3 - 111667?
-111672
In base 13, what is -182164 + 5?
-18215c
In base 7, what is 4203 + -440?
3433
In base 4, what is 0 - 12032133?
-12032133
In base 2, what is 11101111110101111 + 0?
11101111110101111
In base 9, what is -71644 - 35?
-71680
In base 8, what is 45 + -11706?
-11641
In base 3, what is 202120210